mon factor of 3119 and 258867643.
3119
What is the highest common divisor of 603 and 55369872?
603
What is the greatest common factor of 14514575 and 9500?
475
Calculate the greatest common divisor of 5336 and 8214772.
2668
What is the highest common factor of 48 and 104043?
3
What is the greatest common factor of 743463558 and 18?
18
Calculate the highest common divisor of 10 and 194596310.
10
What is the highest common divisor of 819798 and 86718?
894
What is the highest common divisor of 12667 and 77221?
53
Calculate the highest common factor of 23779 and 535479.
301
What is the greatest common factor of 502482 and 2822?
166
Calculate the greatest common divisor of 49 and 2131009853.
49
Calculate the greatest common divisor of 7 and 55458851.
7
Calculate the highest common divisor of 200235457 and 7147.
1021
What is the greatest common factor of 51064997 and 859235?
13219
What is the highest common factor of 23833621 and 334558?
7273
What is the highest common factor of 35712 and 9853056?
1152
Calculate the highest common divisor of 7797 and 128925994.
2599
What is the highest common factor of 2639806 and 936?
26
Calculate the greatest common divisor of 134794 and 1244338.
1114
What is the highest common divisor of 11696608 and 376?
376
Calculate the greatest common factor of 224455 and 2318965.
605
Calculate the greatest common divisor of 15381 and 2155049.
1709
What is the highest common factor of 15778 and 24185?
7
Calculate the greatest common factor of 34423866 and 1468.
734
What is the highest common divisor of 7317 and 23577?
813
What is the highest common divisor of 895 and 5377697?
179
Calculate the highest common factor of 6624 and 2183856.
48
Calculate the highest common divisor of 1184 and 494112.
32
What is the greatest common factor of 1322776168 and 784?
392
What is the highest common divisor of 26 and 2530293428?
26
What is the highest common factor of 50 and 47238010?
10
What is the greatest common divisor of 37327556 and 2549?
2549
What is the greatest common divisor of 1565068 and 20?
4
Calculate the highest common factor of 355626 and 4932.
18
Calculate the greatest common factor of 100610391 and 63.
21
Calculate the greatest common divisor of 43332828 and 12.
12
What is the greatest common divisor of 997 and 679532269?
997
Calculate the greatest common divisor of 4671542 and 5728.
358
Calculate the greatest common divisor of 350416 and 40051.
121
What is the highest common factor of 26691 and 119053299?
3813
What is the highest common factor of 2742 and 14853?
3
What is the greatest common divisor of 12341528 and 8?
8
What is the greatest common factor of 94643 and 62267?
71
What is the greatest common divisor of 1163 and 100470407?
1163
Calculate the highest common factor of 1293 and 19857.
3
What is the greatest common factor of 167629 and 497644784?
15239
Calculate the greatest common factor of 21782033 and 327509.
5369
Calculate the greatest common factor of 179925880 and 32.
8
What is the greatest common factor of 30 and 2162637510?
30
What is the greatest common factor of 538103 and 21700135?
5029
What is the greatest common factor of 28305 and 102850?
85
Calculate the highest common factor of 7417254 and 3198.
78
Calculate the greatest common factor of 111647 and 436229.
1151
What is the greatest common divisor of 35416612 and 1764?
196
Calculate the greatest common divisor of 1221 and 1692020.
11
Calculate the greatest common factor of 34796972 and 6636.
2212
Calculate the greatest common divisor of 1 and 3434057.
1
Calculate the highest common divisor of 647822384 and 968.
968
What is the greatest common factor of 1851074 and 12964?
926
What is the greatest common factor of 17460 and 26940?
60
Calculate the highest common divisor of 3356635676 and 10756.
10756
What is the greatest common factor of 6964681 and 817855?
8609
Calculate the greatest common factor of 98 and 1935059.
49
Calculate the greatest common factor of 236520 and 1242.
54
What is the highest common factor of 30 and 8729970?
30
Calculate the highest common divisor of 8216842 and 391.
23
What is the greatest common factor of 282084 and 549209?
2137
Calculate the highest common factor of 1774 and 47861633.
887
Calculate the highest common factor of 266938448 and 4560.
304
Calculate the highest common factor of 36172060 and 40.
20
What is the highest common divisor of 433202 and 696654?
1358
What is the greatest common divisor of 41718032 and 16?
16
What is the greatest common divisor of 7746 and 1445075686?
2582
Calculate the greatest common divisor of 2729485 and 55.
55
What is the highest common divisor of 4186787 and 3429151?
2827
Calculate the greatest common divisor of 95417060 and 800.
20
Calculate the greatest common divisor of 1057 and 74430920.
151
Calculate the greatest common factor of 17192860 and 100.
20
What is the greatest common divisor of 116 and 10272061?
29
What is the greatest common factor of 811952 and 318928?
496
Calculate the greatest common factor of 924 and 7716588.
132
What is the highest common factor of 199767100 and 6448?
1612
What is the greatest common factor of 4327 and 767?
1
Calculate the greatest common factor of 400099280 and 35.
35
What is the greatest common factor of 564 and 1097256?
12
Calculate the highest common divisor of 62076800 and 4275.
475
Calculate the highest common divisor of 1232 and 39254600.
616
What is the greatest common factor of 40003747 and 343?
343
Calculate the greatest common factor of 5170032 and 24.
24
What is the greatest common divisor of 425 and 2741301?
17
What is the highest common factor of 399521 and 1869?
89
What is the greatest common divisor of 6666 and 7300381?
1111
What is the highest common factor of 32080 and 111808?
16
What is the greatest common divisor of 250260888 and 228?
12
What is the highest common divisor of 1646469 and 792?
99
Calculate the highest common divisor of 21 and 60448864.
7
What is the highest common divisor of 2340 and 2112516?
36
What is the highest common factor of 95840 and 598240?
160
What is the greatest common divisor of 842 and 31?
1
Calculate the highest common factor of 511475 and 30750.
1025
What is the greatest common divisor of 31779 and 133542?
27
What is the greatest common factor of 605363 and 29645?
121
What is the highest common factor of 108954 and 341522366?
12106
What is the highest common factor of 3663 and 1924185?
111
What is the greatest common divisor of 1480 and 7495016?
296
Calculate the highest common divisor of 72 and 198482166.
18
Calculate the greatest common factor of 25092 and 534312.
1476
What is the greatest common factor of 155 and 580204494?
31
What is the highest common factor of 1104 and 744832?
368
What is the highest common divisor of 5690 and 9830?
10
Calculate the highest common divisor of 8925481 and 639.
71
Calculate the highest common factor of 14645929 and 1849.
1849
Calculate the greatest common divisor of 27679157 and 33.
11
Calculate the highest common factor of 86237 and 13606744.
1039
What is the greatest common divisor of 90 and 264858870?
30
What is the greatest common factor of 675630755 and 5?
5
What is the highest common factor of 363820265 and 114?
19
What is the greatest common factor of 743570 and 280?
10
Calculate the highest common factor of 7651179 and 826.
59
What is the greatest common factor of 128 and 195124?
4
Calculate the greatest common divisor of 156558 and 1379922.
582
Calculate the greatest common factor of 9211669 and 3197.
139
Calculate the highest common factor of 4097 and 80529.
17
What is the highest common factor of 324555 and 6853?
77
Calculate the highest common factor of 75471236 and 15438.
5146
What is the greatest common factor of 14103144 and 648?
72
Calculate the highest common factor of 236 and 583216.
4
What is the highest common divisor of 876 and 33708?
12
Calculate the highest common divisor of 90 and 283813290.
90
What is the greatest common divisor of 34864922 and 75362?
1538
Calculate the highest common divisor of 25779 and 49803.
39
Calculate the greatest common divisor of 3738109 and 51523.
769
What is the greatest common factor of 13 and 25655916?
13
Calculate the greatest common divisor of 2098119 and 3.
3
What is the highest common divisor of 24